{"id":45,"date":"2025-09-29T22:07:40","date_gmt":"2025-09-29T20:07:40","guid":{"rendered":"https:\/\/tv.usac.edu.gt\/?page_id=45"},"modified":"2025-10-13T19:42:36","modified_gmt":"2025-10-13T17:42:36","slug":"objetivos","status":"publish","type":"page","link":"https:\/\/tv.usac.edu.gt\/?page_id=45","title":{"rendered":"OBJETIVOS"},"content":{"rendered":"\n<div class=\"wp-block-columns is-layout-flex wp-container-core-columns-is-layout-9d6595d7 wp-block-columns-is-layout-flex\">\n<div class=\"wp-block-column is-layout-flow wp-block-column-is-layout-flow\">\n<ul class=\"wp-block-list\">\n<li>Fortalecer a la USAC como instituci\u00f3n educativa mediante producci\u00f3n televisiva.<\/li>\n\n\n\n<li>Difundir conocimiento cient\u00edfico, tecnol\u00f3gico y cultural.<\/li>\n\n\n\n<li>Vincular la comunidad universitaria con sectores nacionales en temas clave como salud, educaci\u00f3n, derechos humanos y medio ambiente.<\/li>\n\n\n\n<li>Promover la identidad cultural guatemalteca.<\/li>\n\n\n\n<li>Apoyar la alfabetizaci\u00f3n y formaci\u00f3n profesional en diversas \u00e1reas.<\/li>\n<\/ul>\n<\/div>\n\n\n\n<div class=\"wp-block-column is-layout-flow wp-block-column-is-layout-flow\"><\/div>\n<\/div>\n\n\n\n<p><\/p>\n","protected":false},"excerpt":{"rendered":"","protected":false},"author":1,"featured_media":0,"parent":0,"menu_order":0,"comment_status":"closed","ping_status":"closed","template":"","meta":{"iawp_total_views":12,"footnotes":""},"class_list":["post-45","page","type-page","status-publish","czr-hentry"],"_links":{"self":[{"href":"https:\/\/tv.usac.edu.gt\/index.php?rest_route=\/wp\/v2\/pages\/45","targetHints":{"allow":["GET"]}}],"collection":[{"href":"https:\/\/tv.usac.edu.gt\/index.php?rest_route=\/wp\/v2\/pages"}],"about":[{"href":"https:\/\/tv.usac.edu.gt\/index.php?rest_route=\/wp\/v2\/types\/page"}],"author":[{"embeddable":true,"href":"https:\/\/tv.usac.edu.gt\/index.php?rest_route=\/wp\/v2\/users\/1"}],"replies":[{"embeddable":true,"href":"https:\/\/tv.usac.edu.gt\/index.php?rest_route=%2Fwp%2Fv2%2Fcomments&post=45"}],"version-history":[{"count":2,"href":"https:\/\/tv.usac.edu.gt\/index.php?rest_route=\/wp\/v2\/pages\/45\/revisions"}],"predecessor-version":[{"id":69,"href":"https:\/\/tv.usac.edu.gt\/index.php?rest_route=\/wp\/v2\/pages\/45\/revisions\/69"}],"wp:attachment":[{"href":"https:\/\/tv.usac.edu.gt\/index.php?rest_route=%2Fwp%2Fv2%2Fmedia&parent=45"}],"curies":[{"name":"wp","href":"https:\/\/api.w.org\/{rel}","templated":true}]}}